{"id":655,"date":"2023-09-28T20:25:43","date_gmt":"2023-09-28T20:25:43","guid":{"rendered":"https:\/\/bratecrio.com.br\/?page_id=655"},"modified":"2023-10-02T20:26:24","modified_gmt":"2023-10-02T20:26:24","slug":"chamados-em-aberto","status":"publish","type":"page","link":"https:\/\/bratecrio.com.br\/index.php\/chamados-em-aberto\/","title":{"rendered":"Chamados em aberto"},"content":{"rendered":"\t\t<div data-elementor-type=\"wp-page\" data-elementor-id=\"655\" class=\"elementor elementor-655\">\n\t\t\t\t\t\t\t\t\t<section class=\"elementor-section elementor-top-section elementor-element elementor-element-2ad81dc7 elementor-section-content-middle elementor-section-boxed elementor-section-height-default elementor-section-height-default\" data-id=\"2ad81dc7\" data-element_type=\"section\">\n\t\t\t\t\t\t<div class=\"elementor-container elementor-column-gap-default\">\n\t\t\t\t\t<div class=\"elementor-column elementor-col-33 elementor-top-column elementor-element elementor-element-88ec9c8\" data-id=\"88ec9c8\" data-element_type=\"column\">\n\t\t\t<div class=\"elementor-widget-wrap elementor-element-populated\">\n\t\t\t\t\t\t\t\t<div class=\"elementor-element elementor-element-4f147395 elementor-widget elementor-widget-image\" data-id=\"4f147395\" data-element_type=\"widget\" data-widget_type=\"image.default\">\n\t\t\t\t<div class=\"elementor-widget-container\">\n\t\t\t<style>\/*! elementor - v3.7.7 - 20-09-2022 *\/\n.elementor-widget-image{text-align:center}.elementor-widget-image a{display:inline-block}.elementor-widget-image a img[src$=\".svg\"]{width:48px}.elementor-widget-image img{vertical-align:middle;display:inline-block}<\/style>\t\t\t\t\t\t\t\t\t\t\t\t<img loading=\"lazy\" decoding=\"async\" width=\"539\" height=\"104\" src=\"https:\/\/bratecrio.com.br\/wp-content\/uploads\/2022\/12\/1389190657-1.png\" class=\"attachment-large size-large\" alt=\"\" srcset=\"https:\/\/bratecrio.com.br\/wp-content\/uploads\/2022\/12\/1389190657-1.png 539w, https:\/\/bratecrio.com.br\/wp-content\/uploads\/2022\/12\/1389190657-1-300x58.png 300w\" sizes=\"(max-width: 539px) 100vw, 539px\" \/>\t\t\t\t\t\t\t\t\t\t\t\t\t\t\t<\/div>\n\t\t\t\t<\/div>\n\t\t\t\t\t<\/div>\n\t\t<\/div>\n\t\t\t\t<div class=\"elementor-column elementor-col-33 elementor-top-column elementor-element elementor-element-55a51e0b\" data-id=\"55a51e0b\" data-element_type=\"column\">\n\t\t\t<div class=\"elementor-widget-wrap elementor-element-populated\">\n\t\t\t\t\t\t\t\t<div class=\"elementor-element elementor-element-1c835f1a elementor-widget elementor-widget-ekit-nav-menu\" data-id=\"1c835f1a\" data-element_type=\"widget\" data-widget_type=\"ekit-nav-menu.default\">\n\t\t\t\t<div class=\"elementor-widget-container\">\n\t\t\t<div class=\"ekit-wid-con ekit_menu_responsive_tablet\" data-hamburger-icon=\"\" data-hamburger-icon-type=\"icon\" data-responsive-breakpoint=\"1024\">            <button class=\"elementskit-menu-hamburger elementskit-menu-toggler\"  type=\"button\" aria-label=\"hamburger-icon\">\n                                    <span class=\"elementskit-menu-hamburger-icon\"><\/span><span class=\"elementskit-menu-hamburger-icon\"><\/span><span class=\"elementskit-menu-hamburger-icon\"><\/span>\n                            <\/button>\n            <div id=\"ekit-megamenu-menubratec\" class=\"elementskit-menu-container elementskit-menu-offcanvas-elements elementskit-navbar-nav-default elementskit_line_arrow ekit-nav-menu-one-page-no ekit-nav-dropdown-hover\"><ul id=\"menu-menubratec\" class=\"elementskit-navbar-nav elementskit-menu-po-center submenu-click-on-icon\"><li id=\"menu-item-57\" class=\"menu-item menu-item-type-post_type menu-item-object-page menu-item-home menu-item-has-children menu-item-57 nav-item elementskit-dropdown-has relative_position elementskit-dropdown-menu-default_width elementskit-mobile-builder-content\" data-vertical-menu=750px><a href=\"https:\/\/bratecrio.com.br\/\" class=\"ekit-menu-nav-link ekit-menu-dropdown-toggle\">Home<i class=\"icon icon-down-arrow1 elementskit-submenu-indicator\"><\/i><\/a>\n<ul class=\"elementskit-dropdown elementskit-submenu-panel\">\n\t<li id=\"menu-item-269\" class=\"menu-item menu-item-type-post_type menu-item-object-page menu-item-has-children menu-item-269 nav-item elementskit-dropdown-has relative_position elementskit-dropdown-menu-default_width elementskit-mobile-builder-content\" data-vertical-menu=750px><a href=\"https:\/\/bratecrio.com.br\/?page_id=245\" class=\" dropdown-item\">\u00c1rea Restrita Bratec<i class=\"icon icon-down-arrow1 elementskit-submenu-indicator\"><\/i><\/a>\n\t<ul class=\"elementskit-dropdown elementskit-submenu-panel\">\n\t\t<li id=\"menu-item-684\" class=\"menu-item menu-item-type-custom menu-item-object-custom menu-item-684 nav-item elementskit-mobile-builder-content\" data-vertical-menu=750px><a href=\"https:\/\/bratecrio.com.br\/index.php\/criar-novo-chamado\/\" class=\" dropdown-item\">Abertura de Chamado<\/a>\t\t<li id=\"menu-item-642\" class=\"menu-item menu-item-type-custom menu-item-object-custom menu-item-642 nav-item elementskit-mobile-builder-content\" data-vertical-menu=750px><a href=\"https:\/\/bratecrio-company.monday.com\/auth\/login_monday\/email_password\" class=\" dropdown-item\">CRM<\/a>\t<\/ul>\n<\/ul>\n<\/li>\n<li id=\"menu-item-137\" class=\"menu-item menu-item-type-post_type menu-item-object-page menu-item-has-children menu-item-137 nav-item elementskit-dropdown-has relative_position elementskit-dropdown-menu-default_width elementskit-mobile-builder-content\" data-vertical-menu=750px><a href=\"https:\/\/bratecrio.com.br\/index.php\/empresa\/\" class=\"ekit-menu-nav-link ekit-menu-dropdown-toggle\">Empresa<i class=\"icon icon-down-arrow1 elementskit-submenu-indicator\"><\/i><\/a>\n<ul class=\"elementskit-dropdown elementskit-submenu-panel\">\n\t<li id=\"menu-item-830\" class=\"menu-item menu-item-type-post_type menu-item-object-page menu-item-830 nav-item elementskit-mobile-builder-content\" data-vertical-menu=750px><a href=\"https:\/\/bratecrio.com.br\/index.php\/apresentacoes\/\" class=\" dropdown-item\">Apresenta\u00e7\u00f5es<\/a>\t<li id=\"menu-item-55\" class=\"menu-item menu-item-type-post_type menu-item-object-page menu-item-55 nav-item elementskit-mobile-builder-content\" data-vertical-menu=750px><a href=\"https:\/\/bratecrio.com.br\/index.php\/clientes\/\" class=\" dropdown-item\">Clientes<\/a><\/ul>\n<\/li>\n<li id=\"menu-item-56\" class=\"menu-item menu-item-type-post_type menu-item-object-page menu-item-has-children menu-item-56 nav-item elementskit-dropdown-has relative_position elementskit-dropdown-menu-default_width elementskit-mobile-builder-content\" data-vertical-menu=750px><a href=\"https:\/\/bratecrio.com.br\/index.php\/servicos\/\" class=\"ekit-menu-nav-link ekit-menu-dropdown-toggle\">Servi\u00e7os<i class=\"icon icon-down-arrow1 elementskit-submenu-indicator\"><\/i><\/a>\n<ul class=\"elementskit-dropdown elementskit-submenu-panel\">\n\t<li id=\"menu-item-948\" class=\"menu-item menu-item-type-post_type menu-item-object-page menu-item-948 nav-item elementskit-mobile-builder-content\" data-vertical-menu=750px><a href=\"https:\/\/bratecrio.com.br\/index.php\/calibracao\/\" class=\" dropdown-item\">Calibra\u00e7\u00e3o<\/a>\t<li id=\"menu-item-773\" class=\"menu-item menu-item-type-post_type menu-item-object-page menu-item-773 nav-item elementskit-mobile-builder-content\" data-vertical-menu=750px><a href=\"https:\/\/bratecrio.com.br\/index.php\/pintura\/\" class=\" dropdown-item\">Pintura Industrial<\/a>\t<li id=\"menu-item-797\" class=\"menu-item menu-item-type-post_type menu-item-object-page menu-item-797 nav-item elementskit-mobile-builder-content\" data-vertical-menu=750px><a href=\"https:\/\/bratecrio.com.br\/index.php\/automacao-industrial\/\" class=\" dropdown-item\">Automa\u00e7\u00e3o Industrial<\/a>\t<li id=\"menu-item-807\" class=\"menu-item menu-item-type-post_type menu-item-object-page menu-item-807 nav-item elementskit-mobile-builder-content\" data-vertical-menu=750px><a href=\"https:\/\/bratecrio.com.br\/index.php\/laboratorio-de-pressao\/\" class=\" dropdown-item\">Laborat\u00f3rio de Press\u00e3o<\/a>\t<li id=\"menu-item-817\" class=\"menu-item menu-item-type-post_type menu-item-object-page menu-item-817 nav-item elementskit-mobile-builder-content\" data-vertical-menu=750px><a href=\"https:\/\/bratecrio.com.br\/index.php\/eletrica\/\" class=\" dropdown-item\">El\u00e9trica<\/a><\/ul>\n<\/li>\n<li id=\"menu-item-54\" class=\"menu-item menu-item-type-post_type menu-item-object-page menu-item-has-children menu-item-54 nav-item elementskit-dropdown-has relative_position elementskit-dropdown-menu-default_width elementskit-mobile-builder-content\" data-vertical-menu=750px><a href=\"https:\/\/bratecrio.com.br\/index.php\/produtos\/\" class=\"ekit-menu-nav-link ekit-menu-dropdown-toggle\">Produtos<i class=\"icon icon-down-arrow1 elementskit-submenu-indicator\"><\/i><\/a>\n<ul class=\"elementskit-dropdown elementskit-submenu-panel\">\n\t<li id=\"menu-item-483\" class=\"menu-item menu-item-type-custom menu-item-object-custom menu-item-483 nav-item elementskit-mobile-builder-content\" data-vertical-menu=750px><a href=\"https:\/\/shopbratec.lojaintegrada.com.br\/\" class=\" dropdown-item\">Shop<\/a><\/ul>\n<\/li>\n<li id=\"menu-item-712\" class=\"menu-item menu-item-type-post_type menu-item-object-page menu-item-has-children menu-item-712 nav-item elementskit-dropdown-has relative_position elementskit-dropdown-menu-default_width elementskit-mobile-builder-content\" data-vertical-menu=750px><a href=\"https:\/\/bratecrio.com.br\/index.php\/fale-conosco\/\" class=\"ekit-menu-nav-link ekit-menu-dropdown-toggle\">Contato<i class=\"icon icon-down-arrow1 elementskit-submenu-indicator\"><\/i><\/a>\n<ul class=\"elementskit-dropdown elementskit-submenu-panel\">\n\t<li id=\"menu-item-87\" class=\"menu-item menu-item-type-post_type menu-item-object-page menu-item-87 nav-item elementskit-mobile-builder-content\" data-vertical-menu=750px><a href=\"https:\/\/bratecrio.com.br\/index.php\/localizacao\/\" class=\" dropdown-item\">Localiza\u00e7\u00e3o<\/a>\t<li id=\"menu-item-867\" class=\"menu-item menu-item-type-post_type menu-item-object-page menu-item-867 nav-item elementskit-mobile-builder-content\" data-vertical-menu=750px><a href=\"https:\/\/bratecrio.com.br\/index.php\/area-do-cliente\/\" class=\" dropdown-item\">\u00c1rea do Cliente<\/a><\/ul>\n<\/li>\n<\/ul><div class=\"elementskit-nav-identity-panel\">\n\t\t\t\t<div class=\"elementskit-site-title\">\n\t\t\t\t\t<a class=\"elementskit-nav-logo\" href=\"https:\/\/bratecrio.com.br\" target=\"_self\" rel=\"\">\n\t\t\t\t\t\t<img loading=\"lazy\" decoding=\"async\" width=\"1200\" height=\"800\" src=\"https:\/\/bratecrio.com.br\/wp-content\/uploads\/2022\/12\/placeholder-664.png\" class=\"attachment-full size-full\" alt=\"\" srcset=\"https:\/\/bratecrio.com.br\/wp-content\/uploads\/2022\/12\/placeholder-664.png 1200w, https:\/\/bratecrio.com.br\/wp-content\/uploads\/2022\/12\/placeholder-664-600x400.png 600w, https:\/\/bratecrio.com.br\/wp-content\/uploads\/2022\/12\/placeholder-664-300x200.png 300w, https:\/\/bratecrio.com.br\/wp-content\/uploads\/2022\/12\/placeholder-664-1024x683.png 1024w, https:\/\/bratecrio.com.br\/wp-content\/uploads\/2022\/12\/placeholder-664-768x512.png 768w\" sizes=\"(max-width: 1200px) 100vw, 1200px\" \/>\n\t\t\t\t\t<\/a> \n\t\t\t\t<\/div><button class=\"elementskit-menu-close elementskit-menu-toggler\" type=\"button\">X<\/button><\/div><\/div><div class=\"elementskit-menu-overlay elementskit-menu-offcanvas-elements elementskit-menu-toggler ekit-nav-menu--overlay\"><\/div><\/div>\t\t<\/div>\n\t\t\t\t<\/div>\n\t\t\t\t\t<\/div>\n\t\t<\/div>\n\t\t\t\t<div class=\"elementor-column elementor-col-33 elementor-top-column elementor-element elementor-element-20b4a4bd\" data-id=\"20b4a4bd\" data-element_type=\"column\">\n\t\t\t<div class=\"elementor-widget-wrap elementor-element-populated\">\n\t\t\t\t\t\t\t\t<div class=\"elementor-element elementor-element-39dc45d1 elementor-widget__width-auto elementor-widget elementor-widget-elementskit-header-search\" data-id=\"39dc45d1\" data-element_type=\"widget\" data-widget_type=\"elementskit-header-search.default\">\n\t\t\t\t<div class=\"elementor-widget-container\">\n\t\t\t<div class=\"ekit-wid-con\" >        <a href=\"#ekit_modal-popup-39dc45d1\" class=\"ekit_navsearch-button ekit-modal-popup\" aria-label=\"navsearch-button\">\n            <i aria-hidden=\"true\" class=\"icon icon-search\"><\/i>        <\/a>\n        <!-- language switcher strart -->\n        <!-- xs modal -->\n        <div class=\"zoom-anim-dialog mfp-hide ekit_modal-searchPanel\" id=\"ekit_modal-popup-39dc45d1\">\n            <div class=\"ekit-search-panel\">\n            <!-- Polylang search - thanks to Alain Melsens -->\n                <form role=\"search\" method=\"get\" class=\"ekit-search-group\" action=\"https:\/\/bratecrio.com.br\/\">\n                    <input type=\"search\" class=\"ekit_search-field\" placeholder=\"Search...\" value=\"\" name=\"s\" \/>\n                    <button type=\"submit\" class=\"ekit_search-button\">\n                        <i aria-hidden=\"true\" class=\"icon icon-search\"><\/i>                    <\/button>\n                <\/form>\n            <\/div>\n        <\/div><!-- End xs modal -->\n        <!-- end language switcher strart -->\n        <\/div>\t\t<\/div>\n\t\t\t\t<\/div>\n\t\t\t\t<div class=\"elementor-element elementor-element-173765da elementor-widget__width-auto ekit-off-canvas-position-right elementor-widget elementor-widget-elementskit-header-offcanvas\" data-id=\"173765da\" data-element_type=\"widget\" data-widget_type=\"elementskit-header-offcanvas.default\">\n\t\t\t\t<div class=\"elementor-widget-container\">\n\t\t\t<div class=\"ekit-wid-con\" >        <div class=\"ekit-offcanvas-toggle-wraper\">\n            <a href=\"#\" class=\"ekit_navSidebar-button ekit_offcanvas-sidebar\" aria-label=\"offcanvas-menu\">\n                <i aria-hidden=\"true\" class=\"icon icon-burger-menu\"><\/i>            <\/a>\n        <\/div>\n        <!-- offset cart strart -->\n        <!-- sidebar cart item -->\n        <div class=\"ekit-sidebar-group info-group\" data-settings=\"{&quot;disable_bodyscroll&quot;:&quot;&quot;}\">\n            <div class=\"ekit-overlay ekit-bg-black\"><\/div>\n            <div class=\"ekit-sidebar-widget\">\n                <div class=\"ekit_sidebar-widget-container\">\n                    <div class=\"ekit_widget-heading\">\n                        <a href=\"#\" class=\"ekit_close-side-widget\" aria-label=\"close-icon\">\n\n                            <i aria-hidden=\"true\" class=\"fas fa-times\"><\/i>\n                        <\/a>\n                    <\/div>\n                    <div class=\"ekit_sidebar-textwidget\">\n                        \n\t\t<div class=\"widgetarea_warper widgetarea_warper_editable\" data-elementskit-widgetarea-key=\"173765da\"  data-elementskit-widgetarea-index=\"99\">\n\t\t\t<div class=\"widgetarea_warper_edit\" data-elementskit-widgetarea-key=\"173765da\" data-elementskit-widgetarea-index=\"99\">\n\t\t\t\t<i class=\"eicon-edit\" aria-hidden=\"true\"><\/i>\n\t\t\t\t<span>Edit Content<\/span>\n\t\t\t<\/div>\n\n\t\t\t\t\t\t\t\t<div class=\"elementor-widget-container\">\n\t\t\t\t\tClick on the Edit Content button to edit\/add the content.\t\t\t\t\t<\/div>\n\t\t\t\t\t\t<\/div>\n\t\t \n                    <\/div>\n                <\/div>\n            <\/div>\n        <\/div> <!-- END sidebar widget item -->\n        <!-- END offset cart strart -->\n        <\/div>\t\t<\/div>\n\t\t\t\t<\/div>\n\t\t\t\t\t<\/div>\n\t\t<\/div>\n\t\t\t\t\t\t\t<\/div>\n\t\t<\/section>\n\t\t\t\t<section class=\"elementor-section elementor-top-section elementor-element elementor-element-67feb3d elementor-section-boxed elementor-section-height-default elementor-section-height-default\" data-id=\"67feb3d\" data-element_type=\"section\">\n\t\t\t\t\t\t<div class=\"elementor-container elementor-column-gap-default\">\n\t\t\t\t\t<div class=\"elementor-column elementor-col-100 elementor-top-column elementor-element elementor-element-ed6af9c\" data-id=\"ed6af9c\" data-element_type=\"column\">\n\t\t\t<div class=\"elementor-widget-wrap elementor-element-populated\">\n\t\t\t\t\t\t\t\t<div class=\"elementor-element elementor-element-72ff98c elementor-widget-divider--view-line elementor-widget elementor-widget-divider\" data-id=\"72ff98c\" data-element_type=\"widget\" data-widget_type=\"divider.default\">\n\t\t\t\t<div class=\"elementor-widget-container\">\n\t\t\t<style>\/*! elementor - v3.7.7 - 20-09-2022 *\/\n.elementor-widget-divider{--divider-border-style:none;--divider-border-width:1px;--divider-color:#2c2c2c;--divider-icon-size:20px;--divider-element-spacing:10px;--divider-pattern-height:24px;--divider-pattern-size:20px;--divider-pattern-url:none;--divider-pattern-repeat:repeat-x}.elementor-widget-divider .elementor-divider{display:-webkit-box;display:-ms-flexbox;display:flex}.elementor-widget-divider .elementor-divider__text{font-size:15px;line-height:1;max-width:95%}.elementor-widget-divider .elementor-divider__element{margin:0 var(--divider-element-spacing);-ms-flex-negative:0;flex-shrink:0}.elementor-widget-divider .elementor-icon{font-size:var(--divider-icon-size)}.elementor-widget-divider .elementor-divider-separator{display:-webkit-box;display:-ms-flexbox;display:flex;margin:0;direction:ltr}.elementor-widget-divider--view-line_icon .elementor-divider-separator,.elementor-widget-divider--view-line_text .elementor-divider-separator{-webkit-box-align:center;-ms-flex-align:center;align-items:center}.elementor-widget-divider--view-line_icon .elementor-divider-separator:after,.elementor-widget-divider--view-line_icon .elementor-divider-separator:before,.elementor-widget-divider--view-line_text .elementor-divider-separator:after,.elementor-widget-divider--view-line_text .elementor-divider-separator:before{display:block;content:\"\";border-bottom:0;-webkit-box-flex:1;-ms-flex-positive:1;flex-grow:1;border-top:var(--divider-border-width) var(--divider-border-style) var(--divider-color)}.elementor-widget-divider--element-align-left .elementor-divider .elementor-divider-separator>.elementor-divider__svg:first-of-type{-webkit-box-flex:0;-ms-flex-positive:0;flex-grow:0;-ms-flex-negative:100;flex-shrink:100}.elementor-widget-divider--element-align-left .elementor-divider-separator:before{content:none}.elementor-widget-divider--element-align-left .elementor-divider__element{margin-left:0}.elementor-widget-divider--element-align-right .elementor-divider .elementor-divider-separator>.elementor-divider__svg:last-of-type{-webkit-box-flex:0;-ms-flex-positive:0;flex-grow:0;-ms-flex-negative:100;flex-shrink:100}.elementor-widget-divider--element-align-right .elementor-divider-separator:after{content:none}.elementor-widget-divider--element-align-right .elementor-divider__element{margin-right:0}.elementor-widget-divider:not(.elementor-widget-divider--view-line_text):not(.elementor-widget-divider--view-line_icon) .elementor-divider-separator{border-top:var(--divider-border-width) var(--divider-border-style) var(--divider-color)}.elementor-widget-divider--separator-type-pattern{--divider-border-style:none}.elementor-widget-divider--separator-type-pattern.elementor-widget-divider--view-line .elementor-divider-separator,.elementor-widget-divider--separator-type-pattern:not(.elementor-widget-divider--view-line) .elementor-divider-separator:after,.elementor-widget-divider--separator-type-pattern:not(.elementor-widget-divider--view-line) .elementor-divider-separator:before,.elementor-widget-divider--separator-type-pattern:not([class*=elementor-widget-divider--view]) .elementor-divider-separator{width:100%;min-height:var(--divider-pattern-height);-webkit-mask-size:var(--divider-pattern-size) 100%;mask-size:var(--divider-pattern-size) 100%;-webkit-mask-repeat:var(--divider-pattern-repeat);mask-repeat:var(--divider-pattern-repeat);background-color:var(--divider-color);-webkit-mask-image:var(--divider-pattern-url);mask-image:var(--divider-pattern-url)}.elementor-widget-divider--no-spacing{--divider-pattern-size:auto}.elementor-widget-divider--bg-round{--divider-pattern-repeat:round}.rtl .elementor-widget-divider .elementor-divider__text{direction:rtl}.e-container>.elementor-widget-divider{width:var(--container-widget-width,100%);--flex-grow:var(--container-widget-flex-grow,0)}<\/style>\t\t<div class=\"elementor-divider\">\n\t\t\t<span class=\"elementor-divider-separator\">\n\t\t\t\t\t\t<\/span>\n\t\t<\/div>\n\t\t\t\t<\/div>\n\t\t\t\t<\/div>\n\t\t\t\t<div class=\"elementor-element elementor-element-90e8747 elementor-widget elementor-widget-shortcode\" data-id=\"90e8747\" data-element_type=\"widget\" data-widget_type=\"shortcode.default\">\n\t\t\t\t<div class=\"elementor-widget-container\">\n\t\t\t\t\t<div class=\"elementor-shortcode\"> \t\t\t<div id=\"wpsc-container\" style=\"display:none;\">\n\t\t\t\t<div class=\"wpsc-shortcode-container\" style=\"border: none !important;\">\n\t\t\t\t\t\t\t\t<div class=\"wpsc-auth-container\">\n\t\t\t\t<div class=\"auth-inner-container\">\n\t\t\t\t\t<h2>Abrir ticket existente<\/h2>\n\t\t\t\t\t<form onsubmit=\"return false;\" class=\"wpsc-login wpsc-authenticate-open-ticket\">\n\n\t\t\t\t\t\t<input type=\"text\" name=\"ticket_id\" placeholder=\"ID do Ticket\" value=\"\" autocomplete=\"off\"\/>\n\t\t\t\t\t\t\t\t\t\t\t\t\t<input type=\"text\" name=\"email_address\" placeholder=\"Endere\u00e7o de e-mail\" autocomplete=\"off\"\/>\n\t\t\t\t\t\t\t\n\t\t\t\t\t\t<button class=\"wpsc-button normal primary\" onclick=\"wpsc_authenticate_open_ticket(this)\">Enviar<\/button>\n\t\t\t\t\t\t<button class=\"wpsc-button normal secondary\" onclick=\"window.location.reload();\">Cancelar<\/button>\n\t\t\t\t\t\t<input type=\"hidden\" name=\"action\" value=\"wpsc_authenticate_open_ticket\"\/>\n\t\t\t\t\t\t<input type=\"hidden\" name=\"_ajax_nonce\" value=\"c98e57e2e3\">\n\t\t\t\t\t<\/form>\n\t\t\t\t\t<script>\n\t\t\t\t\t\t\/**\n\t\t\t\t\t\t * Load OTP verification\n\t\t\t\t\t\t *\/\n\t\t\t\t\t\tfunction wpsc_authenticate_open_ticket(el) {\n\n\t\t\t\t\t\t\tconst form = jQuery(el).closest('form')[0];\n\t\t\t\t\t\t\tconst dataform = new FormData(form);\n\n\t\t\t\t\t\t\tif (!dataform.get('ticket_id').trim() || !dataform.get('email_address').trim()) {\n\t\t\t\t\t\t\t\talert(supportcandy.translations.req_fields_missing);\n\t\t\t\t\t\t\t\treturn;\n\t\t\t\t\t\t\t}\n\n\t\t\t\t\t\t\tvar authContainer = jQuery(el).closest('.wpsc-auth-container');\n\t\t\t\t\t\t\tauthContainer.html(supportcandy.loader_html);\n\t\t\t\t\t\t\tjQuery.ajax({\n\t\t\t\t\t\t\t\turl: supportcandy.ajax_url,\n\t\t\t\t\t\t\t\ttype: 'POST',\n\t\t\t\t\t\t\t\tdata: dataform,\n\t\t\t\t\t\t\t\tprocessData: false,\n\t\t\t\t\t\t\t\tcontentType: false\n\t\t\t\t\t\t\t}).done(function (res) {\n\t\t\t\t\t\t\t\tif (typeof(res) == \"object\") {\n\t\t\t\t\t\t\t\t\tif (res.ticket_url) {\n\t\t\t\t\t\t\t\t\t\twindow.location.href = res.ticket_url;\n\t\t\t\t\t\t\t\t\t} else {\n\t\t\t\t\t\t\t\t\t\talert(supportcandy.translations.something_wrong);\n\t\t\t\t\t\t\t\t\t\twindow.location.reload();\n\t\t\t\t\t\t\t\t\t}\n\t\t\t\t\t\t\t\t} else {\n\t\t\t\t\t\t\t\t\tauthContainer.html(res);\n\t\t\t\t\t\t\t\t}\n\t\t\t\t\t\t\t}).fail(function (data) {\n\t\t\t\t\t\t\t\talert(supportcandy.translations.something_wrong);\n\t\t\t\t\t\t\t\twindow.location.reload();\n\t\t\t\t\t\t\t}); \n\t\t\t\t\t\t}\n\t\t\t\t\t<\/script>\n\t\t\t\t\t\t\t\t\t<\/div>\n\t\t\t<\/div>\n\t\t\t\n\t\t\t\t<\/div>\n\t\t\t\t<style>\n\t\t\t\t\t.wpsc-it-container {\n\t\t\t\t\t\tmargin: 0 !important;\n\t\t\t\t\t}\n\t\t\t\t\t.wpsc-it-reply-section-container {\n\t\t\t\t\t\tpadding-left: 3px;\n\t\t\t\t\t}\n\t\t\t\t<\/style>\n\t\t\t<\/div>\n\t\t\t\n\t\t\t<div class=\"wpsc-page-snippets\" style=\"display: none;\">\n\t\t\t\t<div class=\"wpsc-editor-attachment upload-waiting\">\n\t\t\t\t\t<div class=\"attachment-label\"><\/div>\n\t\t\t\t\t<div class=\"attachment-remove\" onclick=\"wpsc_remove_attachment(this)\">\n\t\t\t\t\t<svg aria-hidden=\"true\" class=\"svg-inline--fa fa-times fa-w-11\" role=\"img\" xmlns=\"http:\/\/www.w3.org\/2000\/svg\" viewBox=\"0 0 352 512\"><path fill=\"currentColor\" d=\"M242.72 256l100.07-100.07c12.28-12.28 12.28-32.19 0-44.48l-22.24-22.24c-12.28-12.28-32.19-12.28-44.48 0L176 189.28 75.93 89.21c-12.28-12.28-32.19-12.28-44.48 0L9.21 111.45c-12.28 12.28-12.28 32.19 0 44.48L109.28 256 9.21 356.07c-12.28 12.28-12.28 32.19 0 44.48l22.24 22.24c12.28 12.28 32.2 12.28 44.48 0L176 322.72l100.07 100.07c12.28 12.28 32.2 12.28 44.48 0l22.24-22.24c12.28-12.28 12.28-32.19 0-44.48L242.72 256z\"><\/path><\/svg>\t\t\t\t\t<\/div>\n\t\t\t\t\t<div class=\"attachment-waiting\"><\/div>\n\t\t\t\t<\/div>\n\t\t\t<\/div>\n\t\t\t\n\t\t\t<script type=\"text\/javascript\">\n\t\t\t\t\/**\n\t\t\t\t * Get create ticket form\n\t\t\t\t *\/\n\t\t\t\tfunction wpsc_get_individual_ticket() {\n\n\t\t\t\t\tjQuery('.wpsc-body').html(supportcandy.loader_html);\n\n\t\t\t\t\tif (supportcandy.is_reload != 1) {\n\t\t\t\t\t\twpsc_scroll_top();\n\t\t\t\t\t} else { supportcandy.is_reload = 0 }\n\n\t\t\t\t\tvar url = new URL(window.location.href);\n\t\t\t\t\tvar search_params = url.searchParams;\n\n\t\t\t\t\tvar data = { action: 'wpsc_get_individual_ticket', ticket_id: 0 };\n\t\t\t\t\tsearch_params.forEach(function(value, key) {\n\t\t\t\t\t\tdata[key] = value;\n\t\t\t\t\t});\n\t\t\t\t\tjQuery.post(supportcandy.ajax_url, data).done(function (response) {\n\t\t\t\t\t\tjQuery('.wpsc-body').html(response);\n\t\t\t\t\t\twpsc_reset_responsive_style();\n\t\t\t\t\t}).fail(function(response){\n\t\t\t\t\t\tjQuery('.wpsc-body').html('<div style=\"display:flex; justify-content:center; margin:0 15px 15px; width:100%;\">Acesso n\u00e3o autorizado!<\/div>');\n\t\t\t\t\t});\n\t\t\t\t}\n\t\t\t<\/script>\n\t\t\t<\/div>\n\t\t\t\t<\/div>\n\t\t\t\t<\/div>\n\t\t\t\t\t<\/div>\n\t\t<\/div>\n\t\t\t\t\t\t\t<\/div>\n\t\t<\/section>\n\t\t\t\t\t\t\t<\/div>\n\t\t","protected":false},"excerpt":{"rendered":"<p>Home Localiza\u00e7\u00e3o \u00c1rea Restrita Bratec CRM Empresa Servi\u00e7os Clientes Produtos Shop X Edit Content Click on the Edit Content button to edit\/add the content.<\/p>\n","protected":false},"author":1,"featured_media":0,"parent":0,"menu_order":0,"comment_status":"closed","ping_status":"closed","template":"elementor_canvas","meta":{"footnotes":""},"class_list":["post-655","page","type-page","status-publish","hentry"],"aioseo_notices":[],"_links":{"self":[{"href":"https:\/\/bratecrio.com.br\/index.php\/wp-json\/wp\/v2\/pages\/655"}],"collection":[{"href":"https:\/\/bratecrio.com.br\/index.php\/wp-json\/wp\/v2\/pages"}],"about":[{"href":"https:\/\/bratecrio.com.br\/index.php\/wp-json\/wp\/v2\/types\/page"}],"author":[{"embeddable":true,"href":"https:\/\/bratecrio.com.br\/index.php\/wp-json\/wp\/v2\/users\/1"}],"replies":[{"embeddable":true,"href":"https:\/\/bratecrio.com.br\/index.php\/wp-json\/wp\/v2\/comments?post=655"}],"version-history":[{"count":10,"href":"https:\/\/bratecrio.com.br\/index.php\/wp-json\/wp\/v2\/pages\/655\/revisions"}],"predecessor-version":[{"id":683,"href":"https:\/\/bratecrio.com.br\/index.php\/wp-json\/wp\/v2\/pages\/655\/revisions\/683"}],"wp:attachment":[{"href":"https:\/\/bratecrio.com.br\/index.php\/wp-json\/wp\/v2\/media?parent=655"}],"curies":[{"name":"wp","href":"https:\/\/api.w.org\/{rel}","templated":true}]}}