{"id":369,"date":"2023-08-16T13:48:00","date_gmt":"2023-08-16T13:48:00","guid":{"rendered":"https:\/\/bratecrio.com.br\/?post_type=product&#038;p=369"},"modified":"2025-05-27T05:58:31","modified_gmt":"2025-05-27T05:58:31","slug":"termometro-digital-infravermelho-incoterm-7671-01-0-00-c-certificado-de-calibracao","status":"publish","type":"product","link":"https:\/\/bratecrio.com.br\/index.php\/produto\/termometro-digital-infravermelho-incoterm-7671-01-0-00-c-certificado-de-calibracao\/","title":{"rendered":"TERM\u00d4METRO DIGITAL INFRAVERMELHO INCOTERM 7671.01.0.00 c\/ Certificado de Calibra\u00e7\u00e3o"},"content":{"rendered":"<p>Aferi\u00e7\u00e3o de temperatura de superf\u00edcies sem contato \u00e0 curta dist\u00e2ncia;<br \/>\n\u2022 Desligamento autom\u00e1tico ap\u00f3s 15 segundos sem uso;<br \/>\n\u2022 Aplica\u00e7\u00f5es gerais em alimentos, bebidas e equipamentos.<\/p>\n<h3 class=\"product-subtitle\">INFORMA\u00c7\u00d5ES T\u00c9CNICAS<\/h3>\n<div class=\"content-text-w\">Faixa de Medi\u00e7\u00e3o: -33\u00baC a 199\u00baC;<br \/>\nResolu\u00e7\u00e3o: 0,1\u00baC (-9,9\u00baC a 199\u00baC),<br \/>\n1\u00baC no restante da faixa;<br \/>\nExatid\u00e3o: \u00b1 2\u00baC ou 2% da leitura;<br \/>\nTempo de Medi\u00e7\u00e3o: 1s;<br \/>\nEmissividade: 0,95 fixa;<br \/>\nDist\u00e2ncia Focal: 1:1;<br \/>\nResposta Espectral: 8~ 14 \u03bcm;<br \/>\nDimens\u00f5es: 91 x 36 x 14 mm;<br \/>\nPeso: 30,5g;<br \/>\nAlimenta\u00e7\u00e3o: 1 pilha CR2032;<br \/>\nEmbalagem: Blister.<\/div>\n<div>Com certificado de Calibra\u00e7\u00e3o incluso<\/div>\n","protected":false},"excerpt":{"rendered":"<p>Aferi\u00e7\u00e3o de temperatura de superf\u00edcies sem contato \u00e0 curta dist\u00e2ncia; \u2022 Desligamento autom\u00e1tico ap\u00f3s 15 segundos sem uso; \u2022 Aplica\u00e7\u00f5es gerais em alimentos, bebidas e equipamentos. INFORMA\u00c7\u00d5ES T\u00c9CNICAS Faixa de Medi\u00e7\u00e3o: -33\u00baC a 199\u00baC; Resolu\u00e7\u00e3o: 0,1\u00baC (-9,9\u00baC a 199\u00baC), 1\u00baC no restante da faixa; Exatid\u00e3o: \u00b1 2\u00baC ou 2% da leitura; Tempo de Medi\u00e7\u00e3o: 1s; [&hellip;]<\/p>\n","protected":false},"featured_media":370,"comment_status":"open","ping_status":"closed","template":"","meta":[],"product_cat":[26],"product_tag":[],"class_list":["post-369","product","type-product","status-publish","has-post-thumbnail","hentry","product_cat-temperatura"],"aioseo_notices":[],"_links":{"self":[{"href":"https:\/\/bratecrio.com.br\/index.php\/wp-json\/wp\/v2\/product\/369"}],"collection":[{"href":"https:\/\/bratecrio.com.br\/index.php\/wp-json\/wp\/v2\/product"}],"about":[{"href":"https:\/\/bratecrio.com.br\/index.php\/wp-json\/wp\/v2\/types\/product"}],"replies":[{"embeddable":true,"href":"https:\/\/bratecrio.com.br\/index.php\/wp-json\/wp\/v2\/comments?post=369"}],"wp:featuredmedia":[{"embeddable":true,"href":"https:\/\/bratecrio.com.br\/index.php\/wp-json\/wp\/v2\/media\/370"}],"wp:attachment":[{"href":"https:\/\/bratecrio.com.br\/index.php\/wp-json\/wp\/v2\/media?parent=369"}],"wp:term":[{"taxonomy":"product_cat","embeddable":true,"href":"https:\/\/bratecrio.com.br\/index.php\/wp-json\/wp\/v2\/product_cat?post=369"},{"taxonomy":"product_tag","embeddable":true,"href":"https:\/\/bratecrio.com.br\/index.php\/wp-json\/wp\/v2\/product_tag?post=369"}],"curies":[{"name":"wp","href":"https:\/\/api.w.org\/{rel}","templated":true}]}}

TERMÔMETRO DIGITAL INFRAVERMELHO INCOTERM 7671.01.0.00 c/ Certificado de Calibração

<p>Aferição de temperatura de superfícies sem contato à curta distância;<br />
• Desligamento automático após 15 segundos sem uso;<br />
• Aplicações gerais em alimentos, bebidas e equipamentos.</p>
<h3 class="product-subtitle">INFORMAÇÕES TÉCNICAS</h3>
<div class="content-text-w">Faixa de Medição: -33ºC a 199ºC;<br />
Resolução: 0,1ºC (-9,9ºC a 199ºC),<br />
1ºC no restante da faixa;<br />
Exatidão: ± 2ºC ou 2% da leitura;<br />
Tempo de Medição: 1s;<br />
Emissividade: 0,95 fixa;<br />
Distância Focal: 1:1;<br />
Resposta Espectral: 8~ 14 μm;<br />
Dimensões: 91 x 36 x 14 mm;<br />
Peso: 30,5g;<br />
Alimentação: 1 pilha CR2032;<br />
Embalagem: Blister.</div>
<div>Com certificado de Calibração incluso</div>

<p>Aferição de temperatura de superfícies sem contato à curta distância; • Desligamento automático após 15 segundos sem uso; • Aplicações gerais em alimentos, bebidas e equipamentos. INFORMAÇÕES TÉCNICAS Faixa de Medição: -33ºC a 199ºC; Resolução: 0,1ºC (-9,9ºC a 199ºC), 1ºC no restante da faixa; Exatidão: ± 2ºC ou 2% da leitura; Tempo de Medição: 1s; [&hellip;]</p>
