{"id":404,"date":"2023-08-17T13:15:03","date_gmt":"2023-08-17T13:15:03","guid":{"rendered":"https:\/\/bratecrio.com.br\/?post_type=product&#038;p=404"},"modified":"2023-08-17T13:15:03","modified_gmt":"2023-08-17T13:15:03","slug":"tampa-do-prisma-para-refratometro-marca-instutherm","status":"publish","type":"product","link":"https:\/\/bratecrio.com.br\/index.php\/produto\/tampa-do-prisma-para-refratometro-marca-instutherm\/","title":{"rendered":"Tampa do prisma para refrat\u00f4metro Marca Instutherm"},"content":{"rendered":"<p>Capa do prisma do Refrat\u00f4metro. Ideal para reposi\u00e7\u00e3o da capa original em casos de quebra.<\/p>\n<p>Confeccionado em pl\u00e1stico transparente.<\/p>\n","protected":false},"excerpt":{"rendered":"<p>Capa do prisma do Refrat\u00f4metro. Ideal para reposi\u00e7\u00e3o da capa original em casos de quebra. Confeccionado em pl\u00e1stico transparente.<\/p>\n","protected":false},"featured_media":406,"comment_status":"open","ping_status":"closed","template":"","meta":[],"product_cat":[29],"product_tag":[],"class_list":["post-404","product","type-product","status-publish","has-post-thumbnail","hentry","product_cat-acessorios"],"aioseo_notices":[],"_links":{"self":[{"href":"https:\/\/bratecrio.com.br\/index.php\/wp-json\/wp\/v2\/product\/404"}],"collection":[{"href":"https:\/\/bratecrio.com.br\/index.php\/wp-json\/wp\/v2\/product"}],"about":[{"href":"https:\/\/bratecrio.com.br\/index.php\/wp-json\/wp\/v2\/types\/product"}],"replies":[{"embeddable":true,"href":"https:\/\/bratecrio.com.br\/index.php\/wp-json\/wp\/v2\/comments?post=404"}],"wp:featuredmedia":[{"embeddable":true,"href":"https:\/\/bratecrio.com.br\/index.php\/wp-json\/wp\/v2\/media\/406"}],"wp:attachment":[{"href":"https:\/\/bratecrio.com.br\/index.php\/wp-json\/wp\/v2\/media?parent=404"}],"wp:term":[{"taxonomy":"product_cat","embeddable":true,"href":"https:\/\/bratecrio.com.br\/index.php\/wp-json\/wp\/v2\/product_cat?post=404"},{"taxonomy":"product_tag","embeddable":true,"href":"https:\/\/bratecrio.com.br\/index.php\/wp-json\/wp\/v2\/product_tag?post=404"}],"curies":[{"name":"wp","href":"https:\/\/api.w.org\/{rel}","templated":true}]}}