{"id":486,"date":"2023-08-22T16:53:56","date_gmt":"2023-08-22T16:53:56","guid":{"rendered":"https:\/\/bratecrio.com.br\/?post_type=product&#038;p=486"},"modified":"2023-08-22T16:53:56","modified_gmt":"2023-08-22T16:53:56","slug":"refratometro-portatil-para-acucar-mod-rt-60-atc-instrutherm","status":"publish","type":"product","link":"https:\/\/bratecrio.com.br\/index.php\/produto\/refratometro-portatil-para-acucar-mod-rt-60-atc-instrutherm\/","title":{"rendered":"Refrat\u00f4metro port\u00e1til para a\u00e7\u00facar MOD RT-60 ATC Instrutherm"},"content":{"rendered":"<p>Medi\u00e7\u00e3o de alta concentra\u00e7\u00e3o de a\u00e7ucar. Utilizado para medi\u00e7\u00e3o em mel, doces, caldas, etc. Escala 58 \u00e0 90% brix; subdivis\u00e3o: 0,2%; precis\u00e3o: +\/- 0,2%. Compensa\u00e7\u00e3o autom\u00e1tica de temperatura<\/p>\n","protected":false},"excerpt":{"rendered":"<p>Medi\u00e7\u00e3o de alta concentra\u00e7\u00e3o de a\u00e7ucar. Utilizado para medi\u00e7\u00e3o em mel, doces, caldas, etc. Escala 58 \u00e0 90% brix; subdivis\u00e3o: 0,2%; precis\u00e3o: +\/- 0,2%. Compensa\u00e7\u00e3o autom\u00e1tica de temperatura<\/p>\n","protected":false},"featured_media":487,"comment_status":"open","ping_status":"closed","template":"","meta":[],"product_cat":[23],"product_tag":[],"class_list":["post-486","product","type-product","status-publish","has-post-thumbnail","hentry","product_cat-sem-categoria"],"aioseo_notices":[],"_links":{"self":[{"href":"https:\/\/bratecrio.com.br\/index.php\/wp-json\/wp\/v2\/product\/486"}],"collection":[{"href":"https:\/\/bratecrio.com.br\/index.php\/wp-json\/wp\/v2\/product"}],"about":[{"href":"https:\/\/bratecrio.com.br\/index.php\/wp-json\/wp\/v2\/types\/product"}],"replies":[{"embeddable":true,"href":"https:\/\/bratecrio.com.br\/index.php\/wp-json\/wp\/v2\/comments?post=486"}],"wp:featuredmedia":[{"embeddable":true,"href":"https:\/\/bratecrio.com.br\/index.php\/wp-json\/wp\/v2\/media\/487"}],"wp:attachment":[{"href":"https:\/\/bratecrio.com.br\/index.php\/wp-json\/wp\/v2\/media?parent=486"}],"wp:term":[{"taxonomy":"product_cat","embeddable":true,"href":"https:\/\/bratecrio.com.br\/index.php\/wp-json\/wp\/v2\/product_cat?post=486"},{"taxonomy":"product_tag","embeddable":true,"href":"https:\/\/bratecrio.com.br\/index.php\/wp-json\/wp\/v2\/product_tag?post=486"}],"curies":[{"name":"wp","href":"https:\/\/api.w.org\/{rel}","templated":true}]}}